{"id":2149,"date":"2020-06-13T01:14:00","date_gmt":"2020-06-13T01:14:00","guid":{"rendered":"http:\/\/electronosur.com.do\/?post_type=product&#038;p=2149"},"modified":"2020-12-15T02:06:04","modified_gmt":"2020-12-15T02:06:04","slug":"bancos-de-capacitores-fijo","status":"publish","type":"product","link":"http:\/\/electronosur.com.do\/?product=bancos-de-capacitores-fijo","title":{"rendered":"Bancos de capacitores fijo"},"content":{"rendered":"","protected":false},"excerpt":{"rendered":"<p>Entre los productos que fabricamos para el mejoramiento de la calidad de la energ\u00eda, se encuentra el banco de regulaci\u00f3n del factor de potencia fijo en baja tensi\u00f3n que permite la correcci\u00f3n del factor de potencia en una m\u00e1quina en espec\u00edfico o en la entrada de la conexi\u00f3n de la instalaci\u00f3n el\u00e9ctrica.<\/p>\n[wpforms id=\"2371\"]\n","protected":false},"featured_media":2088,"comment_status":"closed","ping_status":"closed","template":"","meta":[],"_links":{"self":[{"href":"http:\/\/electronosur.com.do\/index.php?rest_route=\/wp\/v2\/product\/2149"}],"collection":[{"href":"http:\/\/electronosur.com.do\/index.php?rest_route=\/wp\/v2\/product"}],"about":[{"href":"http:\/\/electronosur.com.do\/index.php?rest_route=\/wp\/v2\/types\/product"}],"replies":[{"embeddable":true,"href":"http:\/\/electronosur.com.do\/index.php?rest_route=%2Fwp%2Fv2%2Fcomments&post=2149"}],"wp:featuredmedia":[{"embeddable":true,"href":"http:\/\/electronosur.com.do\/index.php?rest_route=\/wp\/v2\/media\/2088"}],"wp:attachment":[{"href":"http:\/\/electronosur.com.do\/index.php?rest_route=%2Fwp%2Fv2%2Fmedia&parent=2149"}],"curies":[{"name":"wp","href":"https:\/\/api.w.org\/{rel}","templated":true}]}}