{"id":1915,"date":"2020-04-26T02:45:05","date_gmt":"2020-04-26T02:45:05","guid":{"rendered":"http:\/\/electronosur.com.do\/?post_type=product&#038;p=1915"},"modified":"2021-03-27T14:48:28","modified_gmt":"2021-03-27T14:48:28","slug":"transferencias-con-bypass","status":"publish","type":"product","link":"http:\/\/electronosur.com.do\/?product=transferencias-con-bypass","title":{"rendered":"Transferencias con By Pass"},"content":{"rendered":"","protected":false},"excerpt":{"rendered":"<p>El interruptor de derivaci\u00f3n (bypass) est\u00e1 construido para sistemas en los que se necesiten realizar tareas de mantenimiento, inspecci\u00f3n y prueba.\u00a0 Al mismo tiempo, mantener un suministro continuo de energ\u00eda para la carga. Normalmente, esto se requiere en sistemas cr\u00edticos de mantenimiento de vida y en situaciones de energ\u00eda de reserva que requieren un mantenimiento seguro del sistema, sin perturbaciones del suministro el\u00e9ctrico. Se construyen desde 10 amperes y pueden ser con 2 brk y 3brk, adem\u00e1s monof\u00e1sico y trif\u00e1sico.<\/p>\n[wpforms id=\"2371\"]\n","protected":false},"featured_media":1916,"comment_status":"closed","ping_status":"closed","template":"","meta":[],"_links":{"self":[{"href":"http:\/\/electronosur.com.do\/index.php?rest_route=\/wp\/v2\/product\/1915"}],"collection":[{"href":"http:\/\/electronosur.com.do\/index.php?rest_route=\/wp\/v2\/product"}],"about":[{"href":"http:\/\/electronosur.com.do\/index.php?rest_route=\/wp\/v2\/types\/product"}],"replies":[{"embeddable":true,"href":"http:\/\/electronosur.com.do\/index.php?rest_route=%2Fwp%2Fv2%2Fcomments&post=1915"}],"wp:featuredmedia":[{"embeddable":true,"href":"http:\/\/electronosur.com.do\/index.php?rest_route=\/wp\/v2\/media\/1916"}],"wp:attachment":[{"href":"http:\/\/electronosur.com.do\/index.php?rest_route=%2Fwp%2Fv2%2Fmedia&parent=1915"}],"curies":[{"name":"wp","href":"https:\/\/api.w.org\/{rel}","templated":true}]}}